t + t + 80, 4*w - 124 = 5*t. Calculate the highest common divisor of 4 and w.
4
Let y be 7 + (2 - (1 - 1)). Let d be (0 + 3)*(-12)/y. Let x = d + 9. What is the highest common factor of 5 and x?
5
Let q be ((-15)/(-2))/(-5)*10. Suppose 2*i + 3*i = 265. Let a = i + q. What is the highest common divisor of a and 19?
19
Let g = 0 - 0. Suppose -3*u + g*u + 12 = 0. Let q = -67 + 87. What is the highest common factor of u and q?
4
Suppose 0 = 3*z - 4*r - 17, -2*r + 4*r + 12 = -2*z. Let w(n) = 5*n**2 - n. Let q be w(z). Suppose -l + q*l = 45. What is the highest common divisor of l and 9?
9
Let u = 231 + -161. Let g = 20 + u. Calculate the greatest common factor of 9 and g.
9
Let i = 189 + -136. What is the greatest common factor of i and 212?
53
Let b be -2*112/(-22) - (-72)/(-396). Let g(u) = u**2 + 2*u + 5. Let z be g(-5). What is the greatest common factor of b and z?
10
Let m(w) be the first derivative of -w**4/4 - 5*w**3/3 + 2*w - 1. Let l be m(-5). Calculate the highest common factor of l and 8.
2
Suppose -6*w + 471 = -45. Calculate the highest common factor of w and 215.
43
Let h(d) = -2*d - 5. Let q be h(-4). Let t be (-2)/(-4)*(5 - q). What is the greatest common factor of t and 2?
1
Suppose 3*u = 0, -v = 2*u - 13 - 0. Suppose -j = -0*j - v. What is the highest common factor of 117 and j?
13
Let u be (-209)/(-3) + 2/6. Let m be (1*(-244)/2)/(-2). Let h = 89 - m. What is the greatest common divisor of h and u?
14
Let m be 4 + -7 + 4 + 15. Calculate the greatest common factor of 64 and m.
16
Let i = 44 + -20. Calculate the greatest common factor of i and 12.
12
Suppose 0 = -f + w - 0*w + 74, w - 3 = 0. Let k(r) = -3*r + 20. Let c be k(3). Calculate the highest common factor of f and c.
11
Let h(t) = t**3 - 13*t**2 + 5*t - 16. Let j be h(13). What is the highest common factor of 7 and j?
7
Let w be (2 + -4)/((-2)/(-5)). Let h be (w + -1)/((-6)/18). What is the highest common factor of h and 27?
9
Suppose -3*d + 312 = -5*q, -q + 3 = -2*q. Calculate the highest common factor of d and 11.
11
Let m(q) = 7*q - 3. Let r be m(2). Calculate the greatest common divisor of 77 and r.
11
Let u = 15 + 8. Suppose 11 = 4*g - 1. Suppose 0 = -p + g*p - 138. Calculate the greatest common divisor of u and p.
23
Suppose 0 = 4*m - 2*v - 2662, 4*v + 2480 = 4*m - 184. Suppose 4*j = -j + m. Calculate the greatest common divisor of 19 and j.
19
Let d(f) = 4*f - 12. Let i be d(6). Calculate the highest common factor of 108 and i.
12
Let z(q) be the first derivative of q**4/4 - 8*q**3/3 + 4*q**2 + 3*q + 5. Let d be z(7). What is the highest common factor of 70 and d?
10
Let n(g) = -g + 12. Let s be n(9). Suppose d + s = -2*d. Let y(t) = 10*t**2. Let r be y(d). What is the highest common factor of r and 10?
10
Let y be (-2 - 3)/((-15)/18). What is the greatest common divisor of y and 78?
6
Let b(j) = -9*j - 6. Let c be b(-6). What is the greatest common factor of c and 32?
16
Suppose 2*j + 2*t = 8, -3*t + t = 10. Let o = j + -7. Suppose -6*b + 224 = -o*b. What is the highest common divisor of 8 and b?
8
Let b be 0/2 - (-2 - 7). Suppose 20 = 4*x - 0. Suppose -p + x*p + 2*f = 208, -f - 112 = -2*p. What is the greatest common factor of b and p?
9
Let d be 4/14 + (-145)/(-7). Calculate the greatest common factor of d and 3.
3
Let i(j) = j**2 - 7*j + 11. Let a be i(2). What is the greatest common divisor of a and 19?
1
Let i be (-1*(0 - 1))/1. Let x be 1 - (-25 - -2*i). Suppose 2*t = 10 + 6. What is the greatest common factor of x and t?
8
Let p be ((54/(-4))/3)/((-15)/30). Calculate the highest common divisor of p and 279.
9
Let i be -1*1/(1/(-20)). Calculate the greatest common divisor of i and 10.
10
Let d(x) = x - 11. Let n be d(5). Suppose -3*u = -2*u + 4*b + 6, 5*u = -3*b + 4. Let p be 2/u - (n + 2). What is the highest common factor of p and 5?
5
Let h(z) = z**3 + z**2 - 6*z - 7. Let c be h(-3). Let w be (-258)/(-21) - (-2)/c. Suppose 26 = 4*x - 406. What is the greatest common factor of w and x?
12
Let s(z) = z**2 + 9*z + 14. Let i(g) = 2*g**2 + 17*g + 29. Let v(u) = 2*i(u) - 5*s(u). Let h be v(-8). Calculate the greatest common factor of h and 132.
12
Let q be (-2)/(-6) - (-38)/3. Let u = 31 - q. What is the greatest common factor of 9 and u?
9
Suppose -2*m - 23 = -5*g, -g - 3*g - 5*m - 8 = 0. Suppose -24 = -g*t - t. Calculate the greatest common factor of 3 and t.
3
Let z(l) = -l**3 + l**2 + l + 8. Let r = 0 + 5. Suppose -4 = 3*t + 3*p + r, 2*t = -4*p - 12. Let y be z(t). What is the greatest common factor of 16 and y?
8
Let x = 220 + -108. Suppose 8 = a - 1. Let w be (a - 10)*-1*16. Calculate the highest common factor of w and x.
16
Suppose 0 = -14*o + 7*o + 7. What is the highest common divisor of o and 7?
1
Suppose 2*d = 14 - 10. Suppose d*m = -5*y + 30, -5*m + 2*m = -15. What is the highest common divisor of 20 and y?
4
Let i(b) = -7*b - 25. Let o be i(-13). What is the highest common divisor of o and 6?
6
Let l be 3/(6/34) - 2. Let m(t) = t**2 - 13*t + 14. Let r be m(11). Let a be (-7)/28 - 42/r. Calculate the highest common divisor of l and a.
5
Suppose -2*w + 6*w + 24 = 4*h, -4*h + 25 = -5*w. Let p(m) = m**3 - 2*m**2 + 4*m - 7. Let d be p(h). What is the highest common factor of 8 and d?
8
Suppose -4 = 2*r + 6, 2*i + 2*r = 14. Let m be ((-2)/4)/((-5)/960). Calculate the greatest common divisor of i and m.
12
Let z = 14 - -52. Calculate the greatest common divisor of 22 and z.
22
Let v be 2 + (5 + -1)/(-1). Let s be -4*v/8*95. Calculate the greatest common divisor of s and 19.
19
Let c be 65 - ((-1 - -1) + 0). Calculate the greatest common factor of c and 26.
13
Let z(a) be the first derivative of -a**3/3 + 5*a**2 - 9*a + 1. Let j be z(7). Calculate the highest common factor of j and 8.
4
Let j be 115 + -2*(-6)/4. Suppose -28 = 2*n - j. What is the greatest common divisor of n and 15?
15
Suppose 0 = -3*b + 4*m + m - 12, -2*m = 2*b - 8. Suppose 2*d + 2 = 3*n - b, 4*d + 5*n = 27. What is the highest common divisor of 12 and d?
3
Suppose -m + 108 = 3*m. Suppose 2*z - m = -z. What is the greatest common factor of z and 36?
9
Let u = 190 + -384. Let n = u - -278. Suppose -x - 3*r - 1 = -22, 0 = 4*x - r - n. What is the greatest common factor of 7 and x?
7
Let w be (-1)/(-4) - (-414)/8. What is the highest common divisor of w and 13?
13
Let q = 67 + 5. What is the highest common factor of 9 and q?
9
Let q(i) = i**3 - 5*i**2 + 2*i - 4. Let x be q(5). Let o(a) = a**2 + 5*a + 1. Let p be o(-7). Calculate the greatest common factor of x and p.
3
Suppose -3*z + 18 = -387. Let x = 14 - -10. Suppose i - x = -3*n, 4*n = 4*i + 20 - 68. Calculate the highest common divisor of i and z.
15
Let k be (700/(-15))/(2/(-6)). Suppose 6*a - k = 2*a. What is the highest common factor of a and 14?
7
Suppose -5*j + 207 = 3*y, -3*j = -0*j + 2*y - 125. Suppose -6 = t + t, 3*m + t = -12. Let k be ((-2)/m)/(6/234). What is the highest common factor of j and k?
13
Let g = -8 + 11. Suppose -g*x + 2*k + 2 = 0, 0 = -3*x + x + 2*k - 2. What is the highest common divisor of 32 and x?
4
Suppose -2*b - r + 2*r + 33 = 0, r + 49 = 3*b. Let y = b + -11. Calculate the highest common divisor of 20 and y.
5
Let d = 24 - 9. Let b(q) = -10*q - 9. Let u be b(-7). Let x be -1 + -2 + 2 + u. Calculate the highest common divisor of d and x.
15
Suppose 39*p = 35*p + 56. Let d be (2 + 1/(-2))*-2. Let s be (-1 - -22)*(-14)/d. What is the highest common factor of p and s?
14
Let u be (-1 - -2) + 1 + 0. Suppose -4*h + 5*i = -507 + 177, 0 = u*h - i - 162. What is the highest common divisor of h and 10?
10
Suppose 2*b - 20 + 0 = 0. Suppose -4*c + 3*c = 0. Suppose 2*q + c*q - 106 = 3*x, 0 = 3*x + 6. Calculate the highest common divisor of q and b.
10
Let v be 8/6*(-9)/(-2). Suppose 25 = -5*p + 2*l, 5*p - 3*l + 33 = 3. Let j = p - -9. What is the highest common factor of v and j?
6
Let u be (-15)/(-1)*((-264)/(-5))/8. Calculate the greatest common divisor of 66 and u.
33
Let w = 56 - 14. Calculate the highest common divisor of w and 98.
14
Suppose 7*x - x = 114. What is the greatest common factor of 57 and x?
19
Suppose 2*c = 2 + 2. Let f = c + 12. Let i(z) = -z**2 + z + 7. Let v be i(0). What is the highest common divisor of v and f?
7
Suppose -j + 3*x + 19 = 0, 5*x = -2*j - 2*j + 8. Let l = 11 - 10. What is the hi